iple of 17?
True
Is 2234 a multiple of 7?
False
Is 57 a factor of 7296?
True
Is 20 a factor of 2740?
True
Does 51 divide 10259?
False
Is 90067 a multiple of 230?
False
Is 17538 a multiple of 3?
True
Is 1610 a multiple of 23?
True
Is 46 a factor of 34960?
True
Is 30296 a multiple of 28?
True
Is 22038 a multiple of 56?
False
Is 1275 a multiple of 59?
False
Is 100 a factor of 660?
False
Does 14 divide 990?
False
Is 17 a factor of 1840?
False
Does 115 divide 48565?
False
Is 10998 a multiple of 96?
False
Is 240 a factor of 36240?
True
Does 44 divide 32126?
False
Does 44 divide 103268?
True
Is 16 a factor of 4592?
True
Is 73 a factor of 19345?
True
Is 317 a multiple of 4?
False
Does 11 divide 642?
False
Is 911 a multiple of 105?
False
Is 4871 a multiple of 3?
False
Is 309 a multiple of 5?
False
Is 22 a factor of 880?
True
Is 12 a factor of 540?
True
Is 4400 a multiple of 50?
True
Is 244 a factor of 31965?
False
Is 293 a multiple of 25?
False
Is 2380 a multiple of 5?
True
Is 20 a factor of 502?
False
Is 5850 a multiple of 117?
True
Is 6667 a multiple of 4?
False
Is 25 a factor of 278?
False
Is 23 a factor of 2193?
False
Is 28 a factor of 30681?
False
Is 1391 a multiple of 8?
False
Does 24 divide 36072?
True
Does 2 divide 184?
True
Is 68 a factor of 1259?
False
Is 2446 a multiple of 46?
False
Is 5 a factor of 350?
True
Is 24 a factor of 1946?
False
Is 11250 a multiple of 90?
True
Is 2106 a multiple of 78?
True
Is 3726 a multiple of 54?
True
Is 2389 a multiple of 121?
False
Is 7 a factor of 60074?
True
Is 1364 a multiple of 44?
True
Is 33 a factor of 1683?
True
Is 29009 a multiple of 159?
False
Is 4532 a multiple of 139?
False
Is 2422 a multiple of 45?
False
Is 25 a factor of 12927?
False
Does 9 divide 402?
False
Is 2851 a multiple of 16?
False
Is 473 a factor of 17501?
True
Is 62 a factor of 6198?
False
Is 204 a multiple of 5?
False
Is 15 a factor of 462?
False
Is 24620 a multiple of 23?
False
Does 18 divide 44316?
True
Is 36 a factor of 3312?
True
Does 17 divide 4264?
False
Is 7 a factor of 343?
True
Is 66754 a multiple of 217?
False
Does 9 divide 89?
False
Does 11 divide 283?
False
Is 5 a factor of 14805?
True
Is 138 a multiple of 9?
False
Is 45 a factor of 1440?
True
Is 14 a factor of 757?
False
Does 8 divide 191?
False
Does 14 divide 58611?
False
Does 13 divide 3873?
False
Does 106 divide 4134?
True
Is 71 a factor of 41464?
True
Is 70 a factor of 17850?
True
Does 24 divide 294?
False
Is 467 a multiple of 31?
False
Is 8 a factor of 29960?
True
Is 6137 a multiple of 19?
True
Is 87 a factor of 1074?
False
Is 24136 a multiple of 33?
False
Is 413 a multiple of 10?
False
Does 6 divide 169?
False
Does 73 divide 219?
True
Is 739 a multiple of 12?
False
Does 98 divide 39396?
True
Is 12 a factor of 168?
True
Does 12 divide 118?
False
Does 12 divide 595?
False
Is 6780 a multiple of 113?
True
Does 169 divide 781?
False
Is 317 a multiple of 50?
False
Is 231 a factor of 24717?
True
Is 8520 a multiple of 24?
True
Does 258 divide 4738?
False
Does 16 divide 96?
True
Does 11 divide 3993?
True
Is 46 a factor of 17924?
False
Does 51 divide 4137?
False
Is 136 a multiple of 4?
True
Is 151 a multiple of 50?
False
Is 5 a factor of 2310?
True
Is 1404 a multiple of 18?
True
Is 3010 a multiple of 35?
True
Is 2880 a multiple of 30?
True
Is 8 a factor of 1994?
False
Is 13556 a multiple of 13?
False
Is 5 a factor of 762?
False
Does 141 divide 13677?
True
Is 13 a factor of 13996?
False
Is 451 a multiple of 11?
True
Is 27772 a multiple of 67?
False
Does 20 divide 740?
True
Is 153 a factor of 4437?
True
Is 2 a factor of 116?
True
Is 53262 a multiple of 99?
True
Does 14 divide 351?
False
Does 52 divide 1456?
True
Does 25 divide 937?
False
Is 2 a factor of 2298?
True
Is 84 a multiple of 27?
False
Does 54 divide 1188?
True
Is 245 a multiple of 35?
True
Is 13 a factor of 4905?
False
Does 21 divide 4871?
False
Is 84 a multiple of 4?
True
Is 3502 a multiple of 112?
False
Is 9858 a multiple of 62?
True
Is 71284 a multiple of 251?
True
Does 53 divide 2544?
True
Does 4 divide 384?
True
Is 650 a multiple of 17?
False
Is 14 a factor of 714?
True
Is 524 a multiple of 2?
True
Is 36997 a multiple of 35?
False
Is 1246 a multiple of 89?
True
Is 92 a multiple of 2?
True
Is 18 a factor of 432?
True
Is 7575 a multiple of 101?
True
Does 20 divide 43?
False
Does 137 divide 959?
True
Is 75650 a multiple of 17?
True
Is 13873 a multiple of 13?
False
Is 535 a multiple of 4?
False
Is 25 a factor of 2825?
True
Is 1885 a multiple of 13?
True
Does 15 divide 249?
False
Does 2 divide 301?
False
Is 42 a factor of 11298?
True
Is 330 a multiple of 7?
False
Does 17 divide 52343?
True
Is 15428 a multiple of 9?
False
Does 15 divide 180?
True
Is 104853 a multiple of 27?
False
Is 451 a multiple of 11?
True
Is 17 a factor of 657?
False
Is 130 a factor of 1300?
True
Is 4 a factor of 324?
True
Does 3 divide 48?
True
Is 308 a multiple of 23?
False
Is 8631 a multiple of 7?
True
Is 4 a factor of 2768?
True
Is 888 a multiple of 37?
True
Does 46 divide 8464?
True
Is 9773 a multiple of 29?
True
Is 6798 a multiple of 33?
True
Does 27 divide 1053?
True
Is 281 a multiple of 20?
False
Is 2634 a multiple of 14?
False
Is 14 a factor of 2828?
True
Does 12 divide 11712?
True
Is 13 a factor of 403?
True
Is 2983 a multiple of 157?
True
Is 33 a factor of 1991?
False
Does 24 divide 120?
True
Does 18 divide 2070?
True
Does 4 divide 77?
False
Does 136 divide 2303?
False
Is 3162 a multiple of 9?
False
Is 31 a factor of 4526?
True
Does 7 divide 42871?
False
Does 6 divide 2292?
True
Is 15 a factor of 4800?
True
Does 23 divide 36?
False
Is 1255 a multiple of 5?
True
Does 36 divide 13752?
True
Does 4 divide 563?
False
Is 37660 a multiple of 13?
False
Is 2977 a multiple of 127?
False
Does 54 divide 46977?
False
Is 4 a factor of 476?
True
Does 33 divide 2501?
False
Does 8 divide 304?
True
Is 45 a multiple of 5?
True
Does 129 divide 806?
False
Is 58 a factor of 23155?
False
Is 970 a multiple of 4?
False
Does 2 divide 1901?
False
Does 130 divide 8840?
True
Does 5 divide 5965?
True
Is 17 a factor of 357?
True
Is 67 a multiple of 18?
False
Does 86 divide 1407?
False
Is 19 a factor of 6769?
False
Does 5 divide 4979?
False
Is 138 a factor of 1198?
False
Is 10 a factor of 47?
False
Is 17969 a multiple of 262?
False
Is 2794 a multiple of 8?
False
Is 103 a factor of 1043?
False
Does 6 divide 449?
False
Is 11 a factor of 3311?
True
Is 148 a factor of 44359?
False
Is 116 a factor of 8022?
False
Is 10 a factor of 1760?
True
Is 9 a factor of 399?
False
Is 495 a multiple of 17?
False
Is 23195 a multiple of 9?
False
Is 2834 a multiple of 5?
False
Does 68 divide 2924?
True
Does 29 divide 2639?
True
Does 9 divide 42805?
False
Is 88 a factor of 3582?
False
Is 9 a factor of 306?
True
Is 16 a factor of 785?
False
Does 33 divide 4526?
False
Does 6 divide 56?
False
Is 82 a factor of 1886?
True
Does 87 divide 14877?
True
Is 17 a factor of 809?
False
Is 87 a factor of 2262?
True
Is 6 a factor of 3360?
True
Is 3753 a multiple of 36?
False
Does 2 divide 11?
False
Is 6 a factor of 2964?
True
Does 49 divide 5243?
True
Is 2793 a multiple of 82?
False
Is 29 a factor of 26158?
True
Does 70 divide 18568?
False
Is 41 a factor of 17301?
False
Does 8 divide 3582?
False
Is 23 a factor of 679?
False
Does 20 divide 119369?
False
Is 40 a factor of 4801?
False
Does 13 divide 147?
False
Is 1781 a multiple of 13?
True
Does 35 divide 175?
True
Does 6 divide 12287?
False
Is 18468 a multiple of 53?
False
Is 3360 a multiple of 24?
True
Does 14 divide 1276?
False
Does 45 divide 3429?
False
Is 90930 a multiple of 105?
True
Is 363 a multiple of 9?
False
Is 4 a factor of 774?
False
Is 38790 a multiple of 30?
True
Does 28 divide 17500?
True
Does 28 divide 392?
True
Is 236 a multiple of 3?
False
Is 85 a factor of 11475?
True
Is 4 a factor of 647?
False
Is 35648 a multiple of 5?
False
Is 736 a multiple of 8?
True
Is 63 a factor of 6787?
False
Is 11 a factor of 16272?
False
Is 17 a factor of 555?
False
Does 11 divide 1757?
False
Is 83 a factor of 343?
False
Is 79 even?
False
Is 8 a factor of 244?
False
Is 81538 a multiple of 67?
False
Is 91 a factor of 3549?
True
Is 432 a multiple of 24?
True
Is 420 a multiple of 12?
True
Is 173 a multiple of 2?
False
Is 20 a multiple of 10?
True
Is 1620 a multi